rt -1001101111111000 (base 2) to base 3.
-2000202211
What is 1b0 (base 14) in base 6?
1342
5034 (base 9) to base 2
111001011100
10133 (base 4) to base 15
142
123304 (base 8) to base 15
c9b2
1672 (base 8) to base 10
954
-34004 (base 5) to base 6
-15003
Convert -3120 (base 16) to base 4.
-3010200
Convert -2122000 (base 3) to base 16.
-77d
Convert -255 (base 6) to base 8.
-153
Convert -20ca (base 13) to base 14.
-193a
What is 1012022 (base 3) in base 9?
1168
What is 9324 (base 11) in base 7?
51026
Convert -10010000101000 (base 2) to base 5.
-244011
Convert -35855 (base 9) to base 16.
-5dda
What is 21a3 (base 12) in base 10?
3723
Convert 2333 (base 7) to base 4.
31121
Convert 224 (base 7) to base 8.
164
Convert -440551 (base 6) to base 14.
-d431
113a2 (base 11) to base 6
204051
30112 (base 4) to base 11
659
Convert 966a (base 12) to base 8.
40162
What is -101131120 (base 4) in base 10?
-71512
Convert -1101101 (base 2) to base 9.
-131
Convert -292 (base 13) to base 15.
-207
Convert 25507 (base 12) to base 14.
14755
100001010 (base 2) to base 12
1a2
-11101111 (base 2) to base 12
-17b
What is 1440 (base 6) in base 3?
112020
Convert -199 (base 11) to base 5.
-1404
-100212201 (base 3) to base 9
-10781
What is -d1d (base 14) in base 6?
-15531
145002 (base 6) to base 13
6512
Convert 500 (base 8) to base 7.
635
-1272 (base 10) to base 15
-59c
What is 12031 (base 6) in base 5?
23442
Convert -10213330 (base 4) to base 3.
-221222111
-824 (base 14) to base 15
-71a
Convert 20021012 (base 3) to base 10.
4568
Convert 178 (base 10) to base 11.
152
382 (base 12) to base 13
31a
4787 (base 10) to base 12
292b
104403 (base 7) to base 3
221012200
311313 (base 4) to base 12
1bb3
What is -161d (base 15) in base 5?
-123003
-16135 (base 7) to base 15
-1524
What is -20230 (base 4) in base 3?
-202121
What is -121001102 (base 3) in base 9?
-17042
Convert 10001212011 (base 3) to base 8.
165763
Convert 280 (base 12) to base 15.
1a9
What is 242364 (base 7) in base 2?
1010110001000001
What is -111a7 (base 13) in base 15?
-930e
-d68 (base 16) to base 13
-1740
What is -320 (base 13) in base 5?
-4113
What is 202655 (base 8) in base 9?
111802
What is -6866 (base 10) in base 6?
-51442
14a9 (base 13) to base 3
11010120
What is 3143 (base 5) in base 7?
1143
What is 10000121 (base 3) in base 8?
4233
-11671 (base 11) to base 10
-16776
-111000001100 (base 2) to base 8
-7014
Convert -b97 (base 13) to base 5.
-30413
2647 (base 14) to base 3
100020011
-3555 (base 8) to base 12
-1125
-1000100110101010 (base 2) to base 16
-89aa
Convert -1a (base 15) to base 9.
-27
Convert 11001111 (base 3) to base 16.
b8c
295 (base 10) to base 7
601
-10aa2 (base 12) to base 13
-a1c3
221012110 (base 3) to base 11
12892
74093 (base 10) to base 9
122565
82b (base 14) to base 10
1607
What is -330 (base 15) in base 13?
-435
532 (base 13) to base 5
12021
What is 10010101100001 (base 2) in base 8?
22541
What is 212101 (base 3) in base 16?
277
What is -628 (base 9) in base 14?
-288
Convert c09 (base 16) to base 11.
2351
-1011111100000 (base 2) to base 6
-44144
-7770 (base 8) to base 2
-111111111000
34aa7 (base 11) to base 7
300306
-5025 (base 6) to base 2
-10001001001
Convert 1bc98 (base 13) to base 10.
54881
What is 2422032 (base 5) in base 13?
177b1
Convert -11460 (base 9) to base 14.
-2b1a
-30 (base 15) to base 4
-231
-10455 (base 6) to base 5
-21400
Convert -21310102 (base 4) to base 6.
-510054
-1210230 (base 4) to base 7
-24534
Convert -1532 (base 9) to base 14.
-5d1
What is 303 (base 14) in base 13?
366
Convert -10321100 (base 4) to base 8.
-47120
What is -16141 (base 7) in base 13?
-20b0
What is 457 (base 16) in base 15?
4e1
Convert -2518 (base 11) to base 13.
-165a
-934 (base 13) to base 14
-7da
3121 (base 4) to base 9
261
5c41 (base 13) to base 15
3d11
32311 (base 6) to base 3
20002021
Convert -2274 (base 9) to base 10.
-1687
Convert -1033112 (base 4) to base 16.
-13d6
What is -2033 (base 4) in base 9?
-168
-416 (base 8) to base 16
-10e
Convert 9d9c (base 15) to base 14.
c291
Convert -199 (base 15) to base 6.
-1413
What is 14142 (base 8) in base 11?
4765
810 (base 10) to base 15
390
452 (base 14) to base 10
856
What is -2529 (base 11) in base 6?
-23134
What is -21202301 (base 4) in base 2?
-1001100010110001
-112611 (base 7) to base 15
-5eb6
Convert -4b7 (base 12) to base 16.
-2cb
Convert -166124 (base 7) to base 16.
-823a
What is -2cc (base 14) in base 12?
-3b8
d9 (base 15) to base 4
3030
What is 2247 (base 13) in base 14?
1a63
What is 10214 (base 5) in base 16?
2ac
-10081 (base 10) to base 14
-3961
What is 102000210 (base 3) in base 10?
8040
Convert -113111 (base 4) to base 3.
-2001022
Convert 233354 (base 6) to base 3.
1000202021
Convert -447 (base 15) to base 3.
-1022211
Convert 705 (base 10) to base 15.
320
3211331 (base 5) to base 7
313223
Convert -122 (base 13) to base 4.
-3011
1745 (base 11) to base 16
8b3
Convert 42ba (base 12) to base 11.
5575
What is 488 (base 15) in base 9?
1362
What is -58e7 (base 16) in base 4?
-11203213
What is 250653 (base 7) in base 3?
2100000220
Convert 130043 (base 6) to base 11.
8869
-2022121021 (base 3) to base 8
-131105
Convert -11011110011 (base 2) to base 16.
-6f3
-277 (base 11) to base 15
-16b
-16a (base 13) to base 15
-122
What is 1130223 (base 4) in base 9?
8120
20510 (base 6) to base 10
2778
-100010111000101 (base 2) to base 12
-a405
-1056 (base 8) to base 16
-22e
Convert -300 (base 7) to base 5.
-1042
Convert 355 (base 14) to base 5.
10123
What is 41244 (base 5) in base 11?
2034
Convert -1261 (base 10) to base 8.
-2355
c655 (base 13) to base 10
27448
What is -37868 (base 10) in base 2?
-1001001111101100
-2426 (base 7) to base 8
-1606
Convert 246 (base 14) to base 13.
28c
10000000110110 (base 2) to base 9
12272
-78 (base 12) to base 13
-71
What is -304 (base 8) in base 12?
-144
395 (base 11) to base 15
212
Convert -3a3 (base 11) to base 10.
-476
Convert -137863 (base 9) to base 3.
-11021222010
Convert -523 (base 8) to base 5.
-2324
-756 (base 13) to base 15
-589
Convert 1667 (base 8) to base 4.
32313
What is 12643 (base 14) in base 3?
2021220211
-125ea (base 15) to base 7
-333124
Convert -157 (base 12) to base 3.
-21211
Convert 4668 (base 9) to base 2.
110110001000
Convert -44af (base 16) to base 14.
-659d
57135 (base 8) to base 5
1233112
Convert -120e (base 15) to base 3.
-12021012
What is -3236 (base 7) in base 11?
-95a
-11321 (base 4) to base 13
-230
-26277 (base 8) to base 10
-11455
-177670 (base 8) to base 12
-31a74
Convert 17c6 (base 16) to base 15.
1c0b
-3dd (base 14) to base 13
-483
412 (base 16) to base 10
1042
What is 423 (base 8) in base 12?
1ab
-227 (base 16) to base 4
-20213
What is -270 (base 11) in base 15?
-164
Convert 230 (base 10) to base 12.
172
-111 (base 6) to base 9
-47
-22014 (base 5) to base 13
-8c1
What is -5246 (base 8) in base 4?
-222212
Convert 2314123 (base 5) to base 14.
1132c
22254 (base 7) to base 8
12771
-122102210 (base 3) to base 16
-31a7
Convert 11111101 (base 3) to base 11.
250a
Convert -1010112 (base 3) to base 5.
-11244
What is 211 (base 11) in base 2?
11111110
Convert 6030 (base 8) to base 4.
300120
What is 101011101 (base 2) in base 11?
298
87155 (base 9) to base 13
20372
Convert 4163 (base 8) to base 4.
201303
What is 21301230 (base 4) in base 15?
bce9
What is 247 (base 9) in base 10?
205
26737 (base 8) to base 12
6967
Convert 1010111000011 (base 2) to base 9.
7570
Convert -a9b (base 12) to base 2.
-11000010111
What is -1a439 (base 11) in base 12?
-14591
Convert -620 (base 9) to base 3.
-200200
a822 (base 16) to base 10
43042
What is -3b8 (base 12) in base 14?
-2cc
1620 (base 14) to base 11
2a6a
Convert -1303020 (base 4) to base 5.
-213433
Convert -143444 (base 5) to base 16.
-17ec
What is 609 (base 11) in base 3?
1000020
42113 (base 6) to base 10
5661
Convert -3726 (base 13) to base 16.
-1e7e
What is 2c4a (base 14) in base 4?
1323202
Convert 1101102221 (base 3) to base 5.
1333140
279 (base 10) to base 15
139
Convert 1654 (base 7) to base 16.
2a4
21310 (base 4) to base 5
10003
-1548 (base 9) to base 14
-602
-220342 (base 6) to base 8
-43546
What is 8738 (base 14) in base 8?
55516
Convert -1339 (base 14) to base 8.
-6467
212010 (base 3) to base 8
1160
Convert 1130 (base 6) to base 12.
1a6
Convert -72a (base 12) to base 6